11).
27
Let z(k) = -30794*k + 184764. Calculate z(6).
0
Let q(x) = -333*x - 3318. Calculate q(-10).
12
Let v(h) = -408*h - 13460. Determine v(-33).
4
Let k(b) = -118*b - 3253. Calculate k(-28).
51
Let j(g) = 129*g**2 + 1004*g - 165. Give j(-8).
59
Let f(s) = -s**3 - 13*s**2 - 44*s - 14. What is f(-9)?
58
Let k(x) = -5*x**2 - 39*x - 50. Give k(-6).
4
Let f(u) = -568*u + 13623. What is f(24)?
-9
Let m(b) = -3*b**2 - 224*b + 1112. Determine m(5).
-83
Let m(z) = z**3 + 33*z**2 - 155*z - 8. Determine m(5).
167
Let h(f) = f**2 + 19*f - 378. Determine h(13).
38
Let s(j) = -5*j**2 - 332*j + 203. Calculate s(-67).
2
Let p(y) = 163*y - 1110. Give p(7).
31
Let c(v) = 39*v**2 - 191*v + 73. What is c(6)?
331
Let u(l) = 924*l - 2734. Calculate u(3).
38
Let o(t) = -276*t - 13498. Give o(-49).
26
Let r(q) = 7*q**2 - 6*q - 8. What is r(4)?
80
Let n(w) = -15*w**3 - 11*w**2 - 4*w - 4. Calculate n(-2).
80
Let v(g) = -148*g - 1057. Calculate v(-7).
-21
Let o(r) = 29*r**2 - 206*r + 38. Calculate o(7).
17
Let j(r) = -r**2 - 68*r - 979. What is j(-47)?
8
Let k(g) = 50*g + 352. Calculate k(-9).
-98
Let f(h) = 57*h - 2906. Calculate f(51).
1
Let q(p) = p**2 - 31*p + 61. What is q(15)?
-179
Let d(o) = -100*o**3 - 15*o + 16. Determine d(1).
-99
Let y(t) = 7*t**2 - 18*t - 4. What is y(4)?
36
Let l(p) = -p**3 + 20*p**2 - 25*p - 209. Calculate l(18).
-11
Let r(d) = 36*d - 99. Give r(3).
9
Let z(f) = 182*f + 13663. Calculate z(-75).
13
Let y(b) = -244*b + 2942. Determine y(12).
14
Let q(k) = -5*k**2 + 25*k - 31. Determine q(4).
-11
Let l(u) = -u - 10. What is l(12)?
-22
Let i(w) = w**2 - 134*w + 1455. Determine i(12).
-9
Let y(p) = p**3 - 16*p**2 + 39*p - 184. Calculate y(14).
-30
Let r(c) = -265*c**2 + 283*c - 13. Give r(1).
5
Let g(l) = 2*l**3 + 76*l**2 + 72*l - 5. Calculate g(-37).
69
Let j(f) = 175*f**2 + 18724*f - 115. Give j(-107).
-8
Let v(j) = 11*j**3 + 88*j**2 - 109*j - 69. Give v(-9).
21
Let i(s) = s**2 + 11*s - 274. Give i(-26).
116
Let v(a) = -a**3 + 36*a**2 + 399*a + 270. Give v(45).
0
Let l(o) = -o**2 - 7*o + 1962. Determine l(41).
-6
Let y(j) = -3*j**2 - 144*j + 124. What is y(-49)?
-23
Let z(c) = -c**3 - 11*c**2 - 24*c - 9. Give z(-7).
-37
Let s(q) = -q**3 + 38*q**2 - 6*q + 240. Give s(38).
12
Let l(x) = -x - 8. Calculate l(30).
-38
Let z(j) = -134*j + 284. Calculate z(2).
16
Let f(i) = 8*i**3 + 10*i**2 + 5*i - 3. Determine f(-1).
-6
Let d(k) = k**3 + 12*k - 25. Calculate d(6).
263
Let u(n) = -55*n + 3032. Calculate u(55).
7
Let p(l) = 324*l + 24295. What is p(-75)?
-5
Let c(g) = 4*g**3 + 24*g**2 - 6*g - 32. Calculate c(-6).
4
Let k(u) = 20*u**2 + 4*u - 24. What is k(-2)?
48
Let x(u) = -150*u - 2328. Give x(-15).
-78
Let y(l) = -6*l**2 - 2*l + 26. Calculate y(0).
26
Let j(k) = -7*k**3 + 2*k**2 - 2*k - 15. Give j(2).
-67
Let v(b) = 5531*b + 182517. Determine v(-33).
-6
Let z(a) = -99*a + 339. Give z(4).
-57
Let n(h) = h**3 - 6*h**2 + 16*h - 27. Calculate n(4).
5
Let o(s) = 3*s**3 + 309*s**2 - 51*s - 5262. Give o(-103).
-9
Let p(w) = 932*w - 5591. Calculate p(6).
1
Let p(b) = -937*b - 19682. Give p(-21).
-5
Let x(y) = 10*y**2 - 40*y - 33. What is x(5)?
17
Let n(t) = t**3 - 43*t**2 - 37*t - 316. Determine n(44).
-8
Let m(a) = -3*a + 28. Determine m(-24).
100
Let l(o) = 2*o**3 - 4*o**2 - 126*o + 537. Give l(4).
97
Let t(j) = 8*j + 27. What is t(-13)?
-77
Let o(l) = -l**2 + 245*l - 957. Give o(241).
7
Let d(w) = -2*w**3 + 6*w**2 + 3*w - 18. Determine d(-3).
81
Let h(p) = -p**2 - 181*p + 3150. Calculate h(16).
-2
Let f(v) = -4*v**2 - 5*v - 732. Give f(0).
-732
Let c(w) = -12*w**2 - 142*w + 177. What is c(-13)?
-5
Let k(x) = -56*x**3 - x**2 + 3*x. Give k(1).
-54
Let m(v) = v**3 + 16*v - 179. What is m(0)?
-179
Let r(t) = t**2 - 8*t - 15. Calculate r(-10).
165
Let t(a) = 4*a**2 + 15*a - 69. Determine t(-10).
181
Let w(b) = 6*b + 177. Determine w(-3).
159
Let f(m) = -2*m**2 + 62*m - 164. What is f(29)?
-48
Let o(h) = -259*h + 3447. Give o(13).
80
Let i(w) = w**2 + 47*w - 284. What is i(-54)?
94
Let u(m) = 6*m**2 - 14*m - 10. Determine u(-4).
142
Let x(k) = 4*k**3 - 67*k**2 - 22*k + 98. What is x(17)?
13
Let y(p) = -p**3 - 25*p**2 + 118*p + 66. Determine y(-29).
8
Let v(y) = -10*y**3 + y**2 + y - 1. Calculate v(-1).
9
Let n(c) = c**3 - 3*c**2 - 11*c + 9. Give n(7).
128
Let n(m) = 9*m**3 - m**2 - 5*m - 3. Give n(-2).
-69
Let d(f) = 614*f + 49729. Calculate d(-81).
-5
Let m(x) = -3*x**3 + x**2 + x + 21. What is m(-3)?
108
Let a(g) = -1199*g + 21605. Give a(18).
23
Let z(t) = 105*t + 14818. What is z(-141)?
13
Let n(v) = -9*v**2 + 22*v + 20. What is n(-1)?
-11
Let n(u) = -u**2 + 41*u - 364. Determine n(12).
-16
Let m(s) = -240*s - 1. Give m(0).
-1
Let k(w) = w**3 + 3*w**2 + 14*w + 69. Determine k(-6).
-123
Let d(y) = -1568*y - 6159. Give d(-4).
113
Let w(n) = -3*n**2 - 26*n - 8. What is w(-6)?
40
Let o(m) = m**2 - 497*m + 46007. Determine o(123).
5
Let m(h) = -10*h**2 + 10*h - 85. What is m(0)?
-85
Let w(t) = 4*t**2 - 67*t + 130. What is w(9)?
-149
Let c(h) = 35*h**2 + 160*h - 159. Give c(1).
36
Let w(k) = -21*k**2 + 160*k + 43. Determine w(8).
-21
Let g(o) = 97*o**2 + 1066*o + 8. Determine g(-11).
19
Let m(q) = -q**2 + 27*q - 80. Determine m(17).
90
Let b(z) = 77*z - 1383. Determine b(18).
3
Let i(q) = q**2 + 69*q - 613. Calculate i(9).
89
Let u(q) = -74*q + 965. Give u(12).
77
Let s(a) = a**3 - 19*a**2 + 8*a + 205. Determine s(17).
-237
Let f(j) = -15*j + 1413. Calculate f(106).
-177
Let x(r) = -49*r**2 - 297*r + 25. What is x(-6)?
43
Let y(k) = -12*k - 180. Determine y(8).
-276
Let u(k) = 16*k**2 - 367*k + 26. Give u(23).
49
Let o(z) = z**2 + 29*z + 158. Determine o(-11).
-40
Let s(x) = 85*x + 913. Calculate s(-9).
148
Let f(p) = -p**3 - 5*p**2 + 2039*p - 1206. Determine f(-48).
-6
Let z(b) = -2*b**2 + 500*b - 8. Determine z(250).
-8
Let g(v) = 7*v**2 - 403*v + 5800. Calculate g(29).
0
Let z(s) = s**2 - 127*s + 1441. What is z(11)?
165
Let w(v) = -2*v**2 + 20*v + 146. Give w(13).
68
Let k(t) = t**2 + 49*t + 604. Determine k(-23).
6
Let x(w) = -w**2 + 176*w + 18171. Calculate x(-73).
-6
Let m(u) = -9*u**2 + 584*u + 89. Give m(65).
24
Let p(y) = 26*y - 223. Determine p(43).
895
Let v(x) = -53*x**3 + 12*x - 20. Determine v(2).
-420
Let o(g) = -g**3 + 116*g**2 - 3314*g - 52. Give o(51).
-1
Let a(o) = 10*o - 477. Give a(48).
3
Let h(j) = j**2 + 78*j + 682. Give h(-68).
2
Let d(g) = 7*g**2 - 55*g + 20. Determine d(6).
-58
Let h(x) = -2*x**3 - 92*x**2 - 94*x + 224. Give h(-45).
404
Let w(y) = -6*y**3 - 23*y**2 - 5*y - 7. Give w(0).
-7
Let v(m) = -3*m**2 - 139*m - 934. Calculate v(-8).
-14
Let s(i) = i**2 + 13*i. Calculate s(-9).
-36
Let m(s) = 8*s**2 + 22*s + 1. Give m(-2).
-11
Let y(t) = -2*t**2 - 755*t - 2995. Determine y(-4).
-7
Let t(q) = q**2 + 101*q + 1425. Determine t(-84).
-3
Let d(x) = 4*x**3 + 4*x**2 + 11*x. What is d(0)?
0
Let k(f) = -51*f + 455. Calculate k(9).
-4
Let t(f) = 36*f**2 - 92*f + 27. Calculate t(2).
-13
Let x(u) = 5*u**3 - 46*u**2 + 73*u - 590. What is x(9)?
-14
Let h(n) = -60*n**3 - n**2 + 3*n - 2. Determine h(1).
-60
Let w(s) = 135*s - 31572. Calculate w(234).
18
Let h(d) = -2*d**3 + 41*d**2 + 69*d - 120. Determine h(22).
-54
Let f(p) = -p**3 + 25*p**2 + 23*p - 579. Give f(25).
-4
Let w(q) = 6*q**2 + 110*q - 36. Calculate w(-19).
40
Let v(d) = -14*d - 152. Calculate v(-23).
170
Let x(n) = -n**3 + 78*n**2 + 2076*n + 310. Give x(99).
13
Let y(k) = -114*k**2 + 306*k + 6. Give y(3).
-102
Let o(i) = i**3 - i**2 - 27*i - 11. What is o(0)?
-11
Let t(f) = -105*f + 8932. Calculate t(85).
7
Let f(u) = -71*u**2 - 119*u + 9. Determine f(-2).
-37
Let m(g) = -81*g - 964. Determine m(-11).
-73
Let z(d) = d**2 + 26*d - 52. What is z(-14)?
-220
Let a(j) = -40*j + 13. Calculate a(4).
-147
Let c(z) = -57*z + 509. Give c(9).
-4
Let g(s) = -424*s - 42824. Calculate g(-101).
0
Let c(x) = -67*x - 1804. Calculate c(-27).
5
Let r(l) = -13*l**2 - 14*l + 3. Determine r(-2).
-21
Let f(i) = -81*i - 831. What is f(-12)?
141
Let s(y) = 69*y + 987. Calculate s(-14).
21
Let l(k) = 165*k - 1. What is l(0)?
-1
Let d(w) = w**3 - 4*w**2 - 298*w + 1186. Give d(4).
-6
Let v(l) = -5*l**3 + 73*l**2 + 10*l - 16. What is v(15)?
-316
Let q(k) = -224*k - 47498. Determine q(-212).
-10
Let w(c) = 9*c**2 - 6*c + 5. Determine w(1).
8
Let s(k) = 32*k**2 - 6*k + 36. Determine s(4).
524
Let i(b) 